4408 = -7*y - 79*y - 30*y. Give d(y).
-4
Let h(w) = 24*w**2 - 27*w + 2. Let i be h(2). Suppose -9*z = 8 - i. Let f(j) = 0 + j**2 - 3 - 2*j + 2. What is f(z)?
7
Suppose 0 = -29*r - 19*r - 720. Let n(z) = z**2 + 19*z + 35. Determine n(r).
-25
Let t(f) = f. Let w(d) = -2*d + 1. Let o(b) = -9*t(b) - 4*w(b). Suppose -c - 2*l = 10, 34*c - 39*c - 4*l = 2. Determine o(c).
-10
Let p(d) = -10*d - 96. Let q(s) = -s**2 + 19*s - 99. Let g be q(10). Give p(g).
-6
Let x(k) = -k + 1. Let l(v) = -21*v + 4. Let n(i) = -l(i) + 4*x(i). Let z = 830 - 829. Give n(z).
17
Let l(z) = -53 + 23 - 2 - 315 + 5*z + 12*z. Determine l(21).
10
Suppose -5*h + 30 = 2*m + 3*m, 2*h + 3*m - 13 = 0. Let j(q) = -q**2 + 5*q - 14. Determine j(h).
-14
Let v(h) = -1 - 2*h**2 - 8 - 36 + 45*h - 9. What is v(21)?
9
Suppose 6*s - s + 2*x - 11 = 0, 0 = -2*s + 5*x - 13. Let v(o) = 2*o**2 - 2 + 1 - s - 4*o**2 - 2*o. Let j = -638 - -636. Give v(j).
-6
Let v(y) = y**2 - 21*y + 55. Let i be v(3). Let z(n) = -1 - 22*n**3 + n**2 + 69*n**3 - 21*n**3 + n. Calculate z(i).
27
Suppose 0 = -a + 14*a - 182. Let u be 0*(7/a - 2/(-4)). Suppose 9 = 3*c, -h = -u*h - 3*c + 7. Let g(b) = b**3 - b**2 + 3*b - 2. What is g(h)?
8
Let g be -2 - (-2 - -28)/(-2). Let p(i) = -i**2 - 12*i - 11. Let v(k) = -k**2 - 4*k - 9. Let o(q) = 2*p(q) - 3*v(q). Determine o(g).
-6
Let s(r) be the first derivative of -19*r**2/2 + r + 10318. Let k(w) = w**3 - w**2 - 2*w + 1. Let x be k(2). Let t = 0 - x. Calculate s(t).
20
Let a(d) = -d**3 + 9*d**2 - 7*d. Let n be 1/((-10)/2705) - (-3)/(-2). Let j = 280 + n. Give a(j).
8
Let x(w) = -w**2 + 34*w - 1 + 36*w - w**2 - 69*w. Let k be -2 + 5 + -2 + 0. What is x(k)?
-2
Let w(c) = -2*c**3 + c**2 + 7*c + 5. Suppose 115*l - 57 = 172*l. What is w(l)?
1
Let z(b) = 12. Let r(t) = t - 13. Let s(x) = -2*r(x) - 3*z(x). Let a be (-1716)/(-4) + 1 + 0. Let o = a + -421. What is s(o)?
-28
Let q(y) = y**2 + 3 - 5*y**2 + y + 0*y**2 + 3*y**2. Let v(f) = 3*f - 26. Let p be v(7). Let w be (4 + p + 1)/3. Give q(w).
3
Let p(r) = 7*r - 17. Let j(y) = 9*y - 22. Let o(q) = 4*j(q) - 5*p(q). Let d be (-4)/(-14) - (-76)/28. Calculate o(d).
0
Let h(s) = 5*s**2 - s. Let m(n) = 6*n**2 + 17*n + 36. Let v(q) = -h(q) + m(q). Give v(-16).
4
Suppose 4*g + 38 + 26 = u, 0 = -4*g + 12. Let h be (-6)/(-8) + (-57)/u. Let t(r) = -2*r + 0 - 7 + 3*r + h. What is t(6)?
-1
Let z(f) = 8*f**3 - f**2 - f + 2. Let w be z(1). Suppose 9*h = 6*h + 6. Let x(m) = -m**2 - 7 + 5 + h*m + 8*m - 7. Calculate x(w).
7
Let v(d) = -d**2 - d + 6. Let n(o) = -7*o**2 - 19*o + 16. Let u(s) = n(s) - 6*v(s). Determine u(-10).
10
Let q(o) = 51*o - 1377. Let p be q(27). Let r(g) be the second derivative of 6*g - 1/2*g**3 + p - g**2. What is r(6)?
-20
Let x = -106 - -108. Let o(c) = -c**3 + 4*c + 3*c - 5 - 5*c**x + 10. Let w(q) = -3*q + 3. Let h be w(3). Determine o(h).
-1
Let t(m) = -m - 1. Let q(x) = x**3 + 2*x**2 - 3*x + 1. Let h = -46 - -43. Let d be q(h). What is t(d)?
-2
Let x(j) = -j**3 - 6*j**2 - 5*j - 6. Suppose -28*c = -25*c + 24, -4*k - 4 = -2*c. Calculate x(k).
-6
Let s(r) = 2*r**2 + r - 2. Let z(t) = -t**3 + 2*t**2 - 12*t + 14. Let f(y) = -8*y**2 - 4*y + 3. Let b be f(-1). Let l(j) = b*z(j) - 3*s(j). Give l(7).
6
Suppose -17*z - 4*z = 37 + 215. Let q(a) = a**3 + 14*a**2 + 24*a. What is q(z)?
0
Suppose 115 = 5*i + 105, -5*i = 4*t + 2. Let g(s) be the third derivative of -s**5/60 - s**4/24 - 2*s**3/3 - 11*s**2. What is g(t)?
-10
Let j(c) = c**2 - 51 + 40 - 5*c + 30 + 5*c - 11*c. Calculate j(4).
-9
Let r(o) = o**2 - o + 4. Let i(b) = -12*b**2 - 2*b + 1. Let v(j) = 19*j**2 + 3*j - 2. Let m(p) = -8*i(p) - 5*v(p). Let s be m(1). Give r(s).
16
Let l be 8/(-6)*27/6. Let f(m) = -2*m**3 + 2*m**2 - 8*m + 3. Let o(a) = a**3 + a**2. Let u be 2/(-1) - (-10 - -11). Let b(h) = u*o(h) - f(h). Calculate b(l).
-15
Let u(y) be the second derivative of -y**3/6 - 23*y**2 - 10920*y. Give u(-6).
-40
Let h(x) be the third derivative of x**6/120 - x**5/20 + 5*x**4/24 - 5*x**3/6 - 2942*x**2 + 2. What is h(6)?
133
Let a = -13332 + 13366. Let f(z) = 2*z**3 - 69*z**2 + 35*z - 35. Determine f(a).
-1
Let m(q) = -1046*q**2 + 1072*q**2 + 9 + 16 - 26*q**3 + 70*q + 27*q**3. Calculate m(-23).
2
Let u(g) = -g**3 + 3*g**2 + 5*g. Let c = 590 - 628. Let z(m) = -4*m - 148. Let y be z(c). Determine u(y).
4
Let z(b) = 5*b**2 + 13*b. Let c(t) = -3*t**2 - 6*t. Let v = -192 + 185. Let f(d) = v*c(d) - 4*z(d). What is f(7)?
-21
Let n(c) = 2*c + 2*c + 1 - 5*c + 0. Let u(h) = h**3 + 6*h**2 - 8*h - 3. Let t be (1 - -3)*((-52)/(-16) + -5). Let s be u(t). Determine n(s).
-3
Let s(y) = 8*y**3 + y**2 - 1. Let i = 50 - 45. Let v be 2*i/30*15*1. Suppose -2*t - 4*z + 18 = 0, 0 = -5*t + v*z - 6 - 24. Give s(t).
-8
Let h(a) = -4*a**3 + 3*a**2 - 4*a - 10. Let w be (179/1253)/((-2)/(-154)) - 8. Determine h(w).
-103
Let h(c) = -10 - 18 - c + 31 + 9 - 11. Give h(9).
-8
Let c(m) be the second derivative of 1/12*m**4 - 37*m - 4/3*m**3 + 5/2*m**2 + 0. Give c(8).
5
Let y(x) = 6*x**3 - 3*x**2 - 3*x - 1. Let v be y(-1). Let j(u) be the second derivative of u**5/20 + 7*u**4/12 + u**3/6 + 3*u**2/2 + 3*u + 6. Calculate j(v).
-4
Let o = -1367 - -1363. Let i(v) be the third derivative of v**5/60 + v**4/8 - 5*v**3/3 - v**2. Let a be i(o). Let d(z) = -z**3 - 5*z**2 + 9*z + 6. What is d(a)?
-12
Let a be 12 + (6 - (0 + 5)). Let x(b) = -3*b**2 + 22*b**3 - 8*b**3 - b**2 - a*b**3 + 5 - 7*b. Let y be ((-8)/6)/(-4)*15. Calculate x(y).
-5
Let t(i) = 29*i + 73 - 18*i - 18*i + 15 + 3*i. Give t(24).
-8
Let t = 424 + -431. Suppose -12 = z - 5*z - a, -5*z = 4*a - 15. Let b(x) = 3 + 2 + 1 + z + x. Calculate b(t).
2
Suppose 312*x + 870*x = -11820. Let u(g) = g**3 - g**2 + g + 1. Let k(h) = -3*h**3 + 14*h**2 - 2*h - 14. Let n(s) = k(s) + 4*u(s). What is n(x)?
-30
Let p(f) = -f**2 - 378*f + 172*f + 210*f - 16*f**3 - 2. Calculate p(1).
-15
Let t(w) = 6 + 0*w**3 + 9*w**2 + 14*w + 1 + w**3. Let g be -59*129/7611*(-2 + 3 - -6). Determine t(g).
7
Let q(z) = 5*z**2 - 20*z + 42. Let j(w) = -11*w**2 + 39*w - 90. Let x(u) = -3*j(u) - 7*q(u). Give x(10).
6
Let p(c) = -c**3 - 2*c**2 - 3*c. Let u be p(-1). Let s(i) = -6*i - 11*i + u + 18*i - 15. Determine s(12).
-1
Let v = 302/1815 - -1/3630. Let n(o) be the third derivative of 0*o + 1/24*o**4 + 12*o**2 + v*o**3 + 0. Calculate n(5).
6
Let v(l) = -5*l - 14. Let n = -121 + -335. Let q = 450 + n. Calculate v(q).
16
Let z(s) = -35 - 6*s**2 - 249*s + 336*s + 0*s. Determine z(14).
7
Let c(v) = -9886 + 9884 - 5*v - 2*v. Let w(t) = -11*t**2 + 3*t - 5*t**3 + 4*t**3 - 4*t - 8. Let s be w(-11). What is c(s)?
-23
Let v(k) be the third derivative of 7*k**4/24 + 19*k**3/6 + 736*k**2 - 2. Determine v(-13).
-72
Let i(j) = -j**2 + 18*j - 41. Let t be i(15). Let h be 6/1*(-5 + t) - -1. Let z(p) = 2 + 0 - 5 + 2*p - 4*p. Give z(h).
7
Let t(j) = j**2 - 4*j - 6. Suppose -c = -91 + 86. Let i(d) = -d**2 + d + 25. Let n be i(c). What is t(n)?
-1
Let t(h) = -7*h**3 - 6*h**2 + 39*h + 35. Let p(q) = 8*q**3 + 6*q**2 - 38*q - 32. Let i(z) = -6*p(z) - 7*t(z). Determine i(-10).
-3
Let s(b) = 17 - 12*b + b + 5*b**2 - b**2. Let z(l) = 0 - 4 - 8 + 3*l + 8 - l**2. Let r(q) = 2*s(q) + 9*z(q). What is r(5)?
-2
Let a be 8 - 110/(-10 - -20). Let c(i) = -18*i - 11. Determine c(a).
43
Suppose 5*p + n = -276, -2*p + 5*n = 75 + 30. Let a = -52 - p. Let x(t) = t**3 - 5*t**2 + 5*t - 3. Give x(a).
-6
Let w = 15261 + -15265. Let l(y) = -13*y - 37. Determine l(w).
15
Let a(l) be the first derivative of 2*l**2 - 19*l - 5723. Calculate a(-9).
-55
Let o(p) = p**2 - 10*p - 14. Let b be (42 + -41)*(3 - -1). Let c be (-297)/(-36)*b/3. What is o(c)?
-3
Let x(y) = -3*y. Let p be 5 + (-3 - 1) + 0 + 3. Suppose -p*h + 3*w = 4*w + 11, -11 = h + 3*w. Determine x(h).
6
Let u(l) be the third derivative of 0*l**3 + 17*l**2 + 1/120*l**5 + 5/6*l**4 - 1/360*l**6 + 0*l + 0. Let i(c) be the second derivative of u(c). Determine i(-6).
13
Let s be (1 + -1)/(((-12)/4)/(-3)). Suppose -27*h + 21*h - 570 = s. Let z = h - -85. Let w(a) = -a - 2. Give w(z).
8
Let p(w) be the first derivative of 0*w + 17 - 1/2*w**2 + 10/3*w**3. Let o = 1 - 2. Calculate p(o).
11
Let n(h) be the third derivative of -h**6/120 - 2*h**5/15 - 5*h**4/24 - 4*h**3/3 - 3879*h**2 + 1. Give n(-5).
-58
Let a(q) = -q**3 - 10*q**2 - 12*q + 2. Suppose -12*p + 416 = -10*p. Suppose 199*w = p*w + 81. Determine 